)?
-9
Calculate 14 + (-8 - 24) + 5.
-13
What is (-17 - -98 - 33) + -27?
21
Evaluate (14 - 23 - (0 - (6 + 19))) + -4.
12
What is (4 + 2 + 0 - (3 - -18)) + 2?
-13
Evaluate -2 + 1 + (15 - (20 + -12)).
6
Calculate 1 + (7 + 0 + -5 + 3 - 0).
6
Evaluate (0 - (0 + -1 + 0)) + -1492 + 1472.
-19
-1 - 1 - (5 - -15 - 20)
-2
What is 7 + 8 + 0 + -4 + 12?
23
Calculate 695 + -690 - (2 + 1 + 7).
-5
What is 28 + (-4 - (18 - 12)) - 55?
-37
Calculate (7 - 15) + 5 - (6 + 0).
-9
What is -2 + (3 - (-11 - -1)) + 13?
24
Calculate 3 - (-4 - -46) - (282 - 286).
-35
Evaluate -6 + 1 + -17 + (-19 - -25).
-16
What is the value of 21 + 18 - (-4 - (-14 - -5))?
34
What is the value of 9 - (4 + 1 + 7 + -8) - 17?
-12
What is 28 - (46 + -6) - (1 + 17)?
-30
Calculate -11 + -8 + 4 + 15.
0
What is the value of 0 + -27 - (-1178 - -1156)?
-5
(0 - 6) + -503 + 521
12
Evaluate -45 - -43 - ((6 - (4 + -1)) + -22).
17
(-4 + (6 - -7) - (-2 - -12)) + 25
24
Calculate -34 - (9 + (37 - 69)).
-11
What is the value of -16 + 1 - (103 - 120)?
2
Evaluate 4 + (-6 - 1) + 13.
10
24 + (-24 - (20 + -24))
4
Calculate -1 - -9 - (-2 + -4) - 7 - -2.
9
What is the value of -5 - (-4 + 21 + -19)?
-3
Evaluate -6 + 0 + -10 + 14 + 4 + -11.
-9
Evaluate 9 + -1 - (-2 + 10 + -12 + 17).
-5
What is (571 - 598) + 1 + 28?
2
Evaluate 12 + 2 + -3 + 4 + -6 + -5.
4
Evaluate 26 + 2 - (4 + -8 - 0).
32
-3 + -1 - ((159 - 165) + -1 + 11)
-8
What is -19 + (-60 - -52) + (1 - -10)?
-16
Calculate 0 + 19 + 121 + -164.
-24
Evaluate (-10 - -6 - -5) + (-12 - (-16 + -3)).
8
What is the value of 2 + -5 + -71 + 73?
-1
What is (1 + 4 - 12) + (-9 - (-7 - 21))?
12
Evaluate (-46 - -50) + (1 - 1).
4
0 + -10 + 0 - (-486 - -478)
-2
What is the value of -215 - -212 - ((-4 - -5) + (-5 - -1))?
0
What is the value of -5 - (-2 - (2 - -4)) - 0?
3
Calculate -21 + (-5 - -3) + 2 - (-105 - -105).
-21
-5 + (4 - (-2 - 1)) + -11
-9
(17 - 12 - (2 + -4)) + -18
-11
What is the value of -1 + (0 + -13 - (-2 + 0))?
-12
(1392 - 1387) + (0 - 0 - (1 - 0))
4
Evaluate 18 - -14 - 21 - (10 + -2).
3
5 + 16 + (-10 - 12)
-1
What is 3 - (7 - 6 - -4)?
-2
(0 - -17) + -34 - -6
-11
-12 + -5 + 33 + -33
-17
What is (-34 - 1) + 20 + -53 + 45?
-23
What is -13 - (8 - (-4 + 13 + -3))?
-15
Calculate 3 + 6 + -9 + 10.
10
Evaluate (-1 - 16 - (-4 - 1)) + 12 + 11.
11
What is the value of -1 + (-8 + 9 - -9 - 5)?
4
Evaluate 8 + (-12 - 12 - -9).
-7
What is 7 - (13 + -7 - 1) - 14?
-12
Evaluate -199 - -204 - (20 + 0 + -1 + 2).
-16
Evaluate (1 - -10) + 69 + (-60 - 13).
7
Evaluate -3 + 4 + (-32 - -32) + (-6 - 2).
-7
-8 - (44 + -55) - 15
-12
What is the value of 9 - (1 + (-28 - -31) + -1 + -20)?
26
Evaluate 283 + -298 + 0 + -10.
-25
Calculate -9 - ((-5 - 11) + 12) - (-1 - -8).
-12
(-26 - -11) + 28 - 30
-17
What is the value of (-24 - (-45 + 15)) + (-10 - 0)?
-4
What is the value of 8 + (16 - 25) + -52 + 14?
-39
What is the value of -5 + -5 + 15 - 5 - -7?
7
Calculate 22 - 33 - (-2 - 3) - (-5 + 12).
-13
-2 - (-14 + 33 - (1 - -5))
-15
Calculate (8 - 4) + (1 - -1 - (11 + -6)).
1
What is -27 + 25 + (15 - 40)?
-27
What is -17 + (5 - -5 - 4)?
-11
Calculate (-8 - 1) + 1 + 1 - (-632 - -626).
-1
What is the value of 6 + 2 + 0 + (4 - (8 - -3))?
1
Evaluate 3 - -5 - 8 - (3 - -7 - 5).
-5
Evaluate (37 - 5) + -9 - 3.
20
Calculate -2 + (32 + 0 - 5 - 8).
17
Evaluate 11 - 16 - (-22 + 0 + -4 + 11).
10
What is the value of (-1 - (0 + (-9 - -8) + 1)) + 12?
11
What is the value of 15 + -18 + -7 + -2 + 2?
-10
What is 14 - 27 - (-5 + 1 + -22)?
13
What is 23 + -8 + -19 - (0 - -3)?
-7
10 + -18 + 9 + 14
15
Evaluate 10 + (-21 - (-5 - 17)).
11
-1 + 0 + (20 - -1) + -38
-18
What is 2 - (-7 + 37 + -35 + 4 + 0)?
3
190 + -217 - (2 + -52)
23
Calculate 0 - -2 - (-22 - -5 - -20).
-1
Calculate (5 + 1 - -3) + -7 + 5.
7
What is -10 + (2 + -5 - -7) - 6?
-12
Calculate -28 - -18 - (-12 + 0).
2
Calculate 32 - 15 - 24 - 10.
-17
1425 + -1408 - (0 + -7)
24
0 + -2 + 18 - 15
1
What is the value of (0 - 3) + (3 - 20) + -49 + 61?
-8
What is the value of 12 - (90 + -93 + (-3 - -2) + 2)?
14
What is -18 + (-3 - -14) + 16?
9
What is the value of 2 + -6 + -2 + -5 + -3 + 2?
-12
7 + 1 - (-6 + 17 + -12)
9
Evaluate 0 - (2 + -3) - 7 - (150 - 147).
-9
Evaluate -5 + (9 + -8 - -8 - 5).
-1
(2 - 1) + -1 + (4 - 0) + -7
-3
Evaluate (11 - 7 - 16) + -7 - 10.
-29
What is the value of -38 + 5 + 5 + (30 - 31 - 11)?
-40
5 - -7 - (4 + -8 + 1)
15
(0 - 0) + 29 - (25 + -15)
19
Evaluate -2 - (-19 + 7 + -15) - 4.
21
-32 + (46 - 54) + (-4 + 3 - -15)
-26
What is (-25 - -39) + -30 - -10?
-6
Evaluate (23 - (-16 - -5 - -2)) + -9.
23
(-2 + 1 - 2 - 3) + (5 - 3)
-4
What is (-7 - -30 - 30) + (-2 - -4)?
-5
Evaluate 8 + -25 + 14 - (-1 + 0 - -1).
-3
What is (-19 - 1) + -2 + -204 + 200?
-26
What is the value of (-55 + 9 - -25) + 25?
4
(18 - (-2 + 14 + -5)) + -29
-18
-19 + 11 + 55 + -23
24
What is (-1 - (-5 + (2 - 6))) + 9 + -10?
7
What is the value of 8 + (-2 - -7) + -13?
0
What is (-24 - -28 - 21) + 35?
18
What is 12 - ((-1 - 9) + 5 + -16)?
33
What is the value of (3 - 1) + -17 + (-14 - (18 + -41))?
-6
What is the value of -17 - -21 - -5 - -25?
34
What is (15 + -6 + -12 - -1) + 6?
4
Evaluate 13 - (13 - 8) - 3.
5
Evaluate (32 - 50 - 21) + 48.
9
Calculate 14 + -16 - (28 + -16).
-14
Calculate 2 - (-37 + (-14 - -34)).
19
What is the value of -13 - -5 - (-3 + (-2 - 10))?
7
-29 + (43 - 5) - (22 + 1)
-14
What is the value of 3 - ((2 - (6 - 0) - -4) + -5)?
8
What is the value of -8 + 13 + -14 + 14 - (0 - 2)?
7
What is (-7 - (16 + (-4 - 9))) + -13?
-23
-5 + -4 + (-7 - -8)
-8
What is -4 - (-1 + -4) - -4?
5
-5 + -4 + 0 + (10 - 20)
-19
What is 1 - (42 - (5 - -20))?
-16
Calculate -15 + (-12 - -4) + -1 + 0.
-24
Evaluate 17 + 0 - (-4 + 20).
1
18 - (48 + (-36 - -26))
-20
-3 - 14 - (3 - 1 - 1)
-18
(61 - 28) + -2 + -38
-7
What is 18 - -5 - 27 - 18?
-22
10 + (-6 - (7 + -9)) + 1 + -21
-14
Calculate 6 + -4 + 2 + 1.
5
Calculate -7 + -5 - (-16 + 13).
-9
Calculate 8 - ((-3 - -9) + -33 + 20).
15
What is the value of (-11 - (15 - 22)) + -2?
-6
Calculate 18 + 4 + -1 + (-4 - -2) + -5.
14
(-23 + 56 - 4) + -30
-1
Evaluate (-20 - -15) + -3 + -18 + 6.
-20
-2 - (-2 - -7 - (25 - 7 - 12))
-1
-6 + (-31 + 12 - -33) + -12 + -1
-5
What is the value of 2 + (0 - ((-1 - -9) + -8))?
2
Evaluate 3 + 3 + (10 - 0 - (-93 - -112)).
-3
Evaluate 14 + (45 - 40) + 14.
33
What is -4 - (7 + 3) - -40?
26
Evaluate 46 + -3 - 21 - 28.
-6
Calculate -13 - (-2 + 18 + -6 + -15).
-8
-9 + (-13 - -21) + 9
8
What is 19 + -15 - (2 + -3)?
5
What is the value of 13 + 2 - (-13 - -26)?
2
Evaluate 17 + -47 + (-9 - (-18 + 1)).
-22
(8 - (-6 - -14)) + (-3 - 11)
-14
0 + -7 - (115 + -127)
5
0 - -9 - (-327 - -329)
7
Evaluate 1 - -22 - (0 - 36 - (550 + -578)).
31
Evaluate -39 + (22 - 3) - -4.
-16
What is 2 + (-1 - 13) + 16 - -15?
19
Calculate 101 + -104 + (-2 - -15).
10
11 - (-8 - 5 - -15)
9
What is the value of 5 + (0 - (-2 - -8)) - (11 + -5)?
-7
What is the value of 8 + 1 - (-20 - (14 - 8))?
35
What is 16 + -24 - (-10 - -4)?
-2
Evaluate 12 + 29 - (1 - -22).
18
What is the value of -6 + -33 + 17 - 3?
-25
-2 - (3 - 16) - (77 + -73)
7
What is the value of 28 + -35 - (0 - 2)?
-5
What is the value of 1 + -5 + (2 + -8 - 0)?
-10
What is the value of ((1 - -3) + -25 - -7) + 23 + -18?
-9
Evaluate -7 - 8 - -8 - (-3 + (-3 - -13)).
-14
Calculate -7 - (1 - 3 - (1 + -11 + 14)).
-1
Calculate -1 - 14 - ((0 - 7) + (289 - 278)).
-19
Evaluate 3 + -12 - (2 + -12 - (24 - 28)).
-3
(-16 - (-21 + -3)) + -4 + -1 - 9
-6
Evaluate -18 - -53 - (-3 - -25).
13
Calculate 0 - -1 - (-6 + (4 - (4 + 3))).
10
What is the value of (1 - 1) + 629 + -646?
-17
22 + -40 + 5 + 7
-6
What is the value of 25 + -20 + -15 - -33?
23
What is (2 - 0) + 0 + 2 - (26 - -2)?
-24
What is 19 - 29 - -5 - ((1 - 0) + -4)?
-2
What is the value of -7 + (13 - (6 - -5)) + 14?
9
What is the value of (-2 - (-16 - 3)) + (-7 - (1 + -5))?
14
Calculate 19 + -6 + 2 + -14 + 2.
3
Calculate 15 + (-6 + -8 - 1 - -6).
6
What is 4 + 9 - (5 + -1 + 4)?
5
Calculate 33 - (-7 - -17) - (-2 + 11).
14
Evaluate 24 - 1 - (335 - 335).
23
What is the value of 22 + (1 - 19) - (6 - 2)?
0
What is 2044 - 1997 - (26 + -1)?
22
(4 - (-9 + -3)) + -10 - 3
3
What is the value of (-1 - 1) + -3 + 4 + -10 + 4?
-7
Evaluate 19 - (-3 - 3 - -23).
2
Evaluate -6 - -4 - (-10 - -4) - 7.
-3
(1 + 2 - -6) + -7 + 22
24
What is the value of 11 + 16 + -29 + 24 + 4?
26
What is (-1 -